-1
What is -163 (base 7) in base 9?
-114
Convert 3322 (base 4) to base 13.
163
Convert -304 (base 6) to base 7.
-220
Convert -62 (base 12) to base 5.
-244
What is 0 (base 9) in base 6?
0
What is 100101 (base 2) in base 16?
25
-13 (base 7) to base 5
-20
What is -16 (base 7) in base 16?
-d
What is 1 (base 2) in base 5?
1
25 (base 10) to base 11
23
Convert 14 (base 14) to base 5.
33
128 (base 10) to base 2
10000000
What is 76 (base 10) in base 5?
301
What is -1 (base 15) in base 2?
-1
What is 1 (base 4) in base 13?
1
What is -7 (base 15) in base 7?
-10
What is -1 (base 9) in base 11?
-1
-b (base 16) to base 13
-b
What is -21 (base 7) in base 3?
-120
Convert -72 (base 11) to base 13.
-61
What is -20 (base 5) in base 4?
-22
-69 (base 13) to base 16
-57
133 (base 5) to base 3
1121
What is 21 (base 13) in base 4?
123
What is -1 (base 13) in base 5?
-1
1 (base 5) to base 4
1
Convert 0 (base 12) to base 4.
0
What is -1 (base 13) in base 7?
-1
0 (base 8) to base 11
0
What is -3 (base 16) in base 6?
-3
2001 (base 4) to base 3
11210
What is 0 (base 15) in base 9?
0
Convert 22 (base 12) to base 13.
20
What is -10 (base 5) in base 13?
-5
Convert 71 (base 8) to base 7.
111
-10010 (base 2) to base 5
-33
What is 11 (base 15) in base 4?
100
-17 (base 9) to base 12
-14
Convert -4 (base 10) to base 9.
-4
Convert 3 (base 8) to base 12.
3
Convert 1 (base 8) to base 9.
1
Convert 4e (base 15) to base 8.
112
-3 (base 14) to base 4
-3
Convert -1 (base 16) to base 5.
-1
-4 (base 13) to base 2
-100
Convert -11221 (base 3) to base 8.
-205
Convert 0 (base 14) to base 2.
0
What is -1010 (base 2) in base 16?
-a
Convert 1f (base 16) to base 10.
31
Convert -2 (base 5) to base 3.
-2
Convert 43 (base 7) to base 14.
23
Convert -87 (base 12) to base 8.
-147
Convert 1 (base 10) to base 2.
1
-44 (base 13) to base 15
-3b
What is 2 (base 16) in base 15?
2
43 (base 6) to base 5
102
2 (base 4) to base 3
2
87 (base 16) to base 8
207
What is -3 (base 10) in base 5?
-3
-34 (base 6) to base 7
-31
Convert -47 (base 15) to base 3.
-2111
Convert -1011 (base 3) to base 5.
-111
Convert 57 (base 10) to base 5.
212
Convert 3 (base 9) to base 16.
3
Convert -110110 (base 2) to base 7.
-105
What is -1202 (base 4) in base 7?
-200
-21 (base 4) to base 8
-11
What is 6 (base 7) in base 14?
6
What is -46 (base 14) in base 7?
-116
10 (base 3) to base 7
3
Convert -137 (base 13) to base 8.
-327
71 (base 12) to base 9
104
2 (base 10) to base 7
2
Convert -11 (base 2) to base 8.
-3
-1 (base 12) to base 7
-1
What is -10201 (base 3) in base 16?
-64
What is 8 (base 11) in base 15?
8
4 (base 13) to base 2
100
What is 3 (base 10) in base 13?
3
2 (base 12) to base 8
2
-3 (base 13) to base 10
-3
d (base 15) to base 11
12
Convert 4 (base 16) to base 8.
4
Convert 4 (base 5) to base 6.
4
What is -75 (base 16) in base 7?
-225
What is -3 (base 16) in base 13?
-3
-61 (base 9) to base 3
-2001
10e (base 16) to base 8
416
Convert -55 (base 6) to base 8.
-43
Convert -130 (base 4) to base 6.
-44
Convert 78 (base 15) to base 5.
423
What is -12 (base 4) in base 8?
-6
Convert -12 (base 9) to base 8.
-13
What is 3 (base 15) in base 12?
3
-63 (base 10) to base 7
-120
-21 (base 16) to base 9
-36
-17 (base 10) to base 11
-16
118 (base 12) to base 6
432
Convert 3 (base 14) to base 10.
3
What is -25 (base 10) in base 9?
-27
-52 (base 10) to base 12
-44
Convert -22 (base 4) to base 12.
-a
What is 19 (base 11) in base 3?
202
-1 (base 3) to base 6
-1
Convert 625 (base 7) to base 3.
102121
What is -70 (base 11) in base 5?
-302
Convert 2 (base 9) to base 11.
2
-89 (base 14) to base 9
-144
What is -89 (base 10) in base 8?
-131
What is b (base 16) in base 5?
21
Convert -1033 (base 4) to base 6.
-211
Convert 43 (base 6) to base 16.
1b
What is 0 (base 11) in base 9?
0
Convert -1100 (base 4) to base 7.
-143
What is -3 (base 16) in base 6?
-3
-3 (base 14) to base 7
-3
-15 (base 14) to base 4
-103
What is 11 (base 2) in base 4?
3
Convert -24 (base 7) to base 8.
-22
12 (base 3) to base 4
11
10 (base 2) to base 13
2
-5 (base 9) to base 15
-5
-14d (base 14) to base 16
-109
-14 (base 8) to base 13
-c
15 (base 7) to base 16
c
What is 1 (base 12) in base 11?
1
2120 (base 3) to base 7
126
Convert -112 (base 4) to base 15.
-17
4 (base 15) to base 14
4
What is -2 (base 4) in base 2?
-10
163 (base 9) to base 6
350
Convert 10 (base 6) to base 8.
6
What is 1 (base 13) in base 10?
1
What is 10 (base 13) in base 9?
14
What is 30 (base 4) in base 12?
10
Convert -11 (base 6) to base 13.
-7
-2 (base 15) to base 16
-2
19 (base 10) to base 5
34
What is 15 (base 8) in base 16?
d
Convert 311 (base 7) to base 4.
2123
Convert -3 (base 11) to base 10.
-3
-15 (base 12) to base 16
-11
Convert 17 (base 11) to base 2.
10010
What is 53 (base 6) in base 2?
100001
What is -1 (base 3) in base 6?
-1
What is -21 (base 9) in base 5?
-34
0 (base 11) to base 9
0
Convert -5 (base 7) to base 9.
-5
What is 0 (base 14) in base 6?
0
Convert 322 (base 4) to base 15.
3d
What is -3 (base 8) in base 6?
-3
Convert 23 (base 6) to base 10.
15
What is 0 (base 2) in base 11?
0
Convert -122 (base 8) to base 7.
-145
1100010 (base 2) to base 8
142
3 (base 14) to base 11
3
Convert 7c (base 13) to base 5.
403
-11 (base 6) to base 7
-10
3 (base 7) to base 13
3
Convert -111 (base 15) to base 3.
-22221
-31 (base 5) to base 9
-17
What is -55 (base 15) in base 10?
-80
Convert -16 (base 16) to base 14.
-18
Convert -5 (base 15) to base 12.
-5
Convert 12 (base 6) to base 14.
8
What is 3b (base 16) in base 10?
59
What is 0 (base 3) in base 7?
0
-4 (base 6) to base 16
-4
47 (base 8) to base 15
29
What is -1 (base 12) in base 16?
-1
What is -10 (base 3) in base 14?
-3
Convert 11101 (base 2) to base 14.
21
Convert -10 (base 3) to base 6.
-3
What is -111 (base 3) in base 12?
-11
Convert 154 (base 15) to base 16.
130
-20 (base 7) to base 13
-11
What is 14 (base 11) in base 14?
11
-22 (base 12) to base 15
-1b
Convert 0 (base 7) to base 10.
0
-3 (base 10) to base 4
-3
-10 (base 14) to base 7
-20
What is 361 (base 9) in base 6?
1214
-11 (base 4) to base 3
-12
14 (base 8) to base 10
12
Convert 2 (base 15) to base 16.
2
Convert 3 (base 13) to base 7.
3
What is 33 (base 11) in base 8?
44
What is 0 (base 8) in base 5?
0
Convert 3 (base 12) to base 9.
3
What is 1 (base 14) in base 10?
1
Convert -126 (base 8) to base 6.
-222
1 (base 3) to base 13
1
Convert 10 (base 4) to base 9.
4
What is 3 (base 5) in base 13?
3
Convert 3 (base 15) to base 14.
3
-72 (base 15) to base 6
-255
2 (base 5) to base 16
2
-1010001 (base 2) to base 10
-81
Convert -212 (base 3) to base 8.
-27
What is b (base 16) in base 12?
b
Convert 1 (base 6) to base 3.
1
1 (base 3) to base 12
1
10 (base 12) to base 2
1100
What is -10 (base 4) in base 8?
-4
1043 (base 6) to base 9
300
What is -30 (base 5) in base 16?
-f
What is -22 (base 11) in base 7?
-33
Convert -272 (base 10) to base 2.
-100010000
Convert -46 (base 7) to base 3.
-1021
-8 (base 16) to base 14
-8
Convert 10 (base 2) to base 14.
2
What is -12 (base 7) in base 5?
-14
Convert -7 (base 11) to base 4.
-13
Convert -22 (base 3) to base 13.
-8
40 (base 5) to base 3
202
What is -9 (base 14) in base 2?
-1001
ad (base 16) to base 15
b8
-51 (base 9) to base 15
-31
-2 (base 3) to base 8
-2
What is -243 (base 5) in base 4?
-1021
Convert 72 (base 10) to base 11.
66
Convert 113 (base 7) to base 9.
65
What is -3 (base 15) in base 16?
-3
-1 (base 9) to base 6
-1
-10110 (base 3) to base 2
-1011101
Convert -34 (base 16) to base 3.
-1221
1112 (base 3) to base 13
32
Convert -31 (base 15) to base 10.
-46
What is 210 (base 4) in base 12?
30
What is -3 (base 8) in base 12?
-3
-5a (base 14) to base 11
-73
Convert -2 (base 9) to base 4.
-2
-2100 (base 3) to base 5
-223
What is -100 (base 2) in base 9?
-4
Convert 1 (base 16) to base 10.
1
225 (base 13) to base 7
1035
What is 4 (base 14) in base 6?
4
Convert 20 (base 5) to base 16.
a
Convert -214 (base 7) to base 13.
-85
4 (base 7) to base 2
100
1411 (base 5) to base 8
347
Convert -2 (base 14) to base 9.
-2
-53 (base 8) to base 7
-61
-14 (base 12) to base 15
-11
18 (base 11) to base 8
23
Convert 15 (base 13) to base 6.
30
What is 17 (base 16) in base 3?
212
Convert 1110011 (base 2) to base 3.
11021
Convert 8a (base 14) to base 16.
7a
What is -3 (base 7) in base 13?
-3
What